{"id":1444,"date":"2019-07-04T14:06:52","date_gmt":"2019-07-04T14:06:52","guid":{"rendered":"https:\/\/krafti.elated-themes.com\/?page_id=1444"},"modified":"2024-07-14T09:37:10","modified_gmt":"2024-07-14T09:37:10","slug":"coming-soon-2","status":"publish","type":"page","link":"https:\/\/www.philipop-up.at\/index.php\/coming-soon-2\/","title":{"rendered":"Coming Soon"},"content":{"rendered":"<section class=\"wpb-content-wrapper\"><p>[vc_row row_content_width=&#8221;grid&#8221; css=&#8221;.vc_custom_1561637832958{padding-top: 71px !important;padding-bottom: 100px !important;}&#8221;][vc_column offset=&#8221;vc_col-lg-6 vc_col-md-12 vc_col-xs-12&#8243;]<div class=\"eltdf-elements-holder   eltdf-one-column  eltdf-responsive-mode-768 \" ><div class=\"eltdf-eh-item    \"  data-item-class=\"eltdf-eh-custom-8732\" data-769-1024=\"0 19% 0% 0\" data-681-768=\"0 10% 0px 0\" data-680=\"0 10% 0px 0\">\n        <div class=\"eltdf-eh-item-inner\">\n\t\t<div class=\"eltdf-eh-item-content eltdf-eh-custom-8732\" style=\"padding: 0 11% 0 0\">\n\t\t\t<div class=\"eltdf-section-title-holder  \" >\n\t<div class=\"eltdf-st-inner\">\n                    <div class=\"eltdf-st-image\" style=\"margin-bottom: 1px\">\n                <svg xmlns=\"http:\/\/www.w3.org\/2000\/svg\" xmlns:xlink=\"http:\/\/www.w3.org\/1999\/xlink\" x=\"0px\" y=\"0px\"\n\t width=\"27.282px\" height=\"35.69px\" viewBox=\"0 0 27.282 35.69\" enable-background=\"new 0 0 27.282 35.69\" xml:space=\"preserve\">\n<path fill=\"#2C2D7F\" d=\"M12.044,35.496c0,0,1.088-3.244,1.398-3.977c0,0-0.146-1.5-1.872-2.6c-1.726-1.096-6.379-2.665-8.584-4.258\n\tC0.782,23.071,0,19.938,0,19.938s2.497-0.1,4.914,1.98c2.418,2.082,4.433,5.423,6.203,5.918c0,0,0.464-1.587,0.093-2.448\n\tc-0.371-0.861-2.445-1.808-2.549-3.448c0,0,1.669-0.14,2.452,0.844c0.782,0.981,1.054,3.163,0.601,5.443\n\tc0,0,2.379,1.437,2.252,3.313c0,0-1.129,3.252-1.452,4.15L12.044,35.496z\"\/>\n<path fill=\"#2C2D7F\" d=\"M14.656,31.131c0,0-0.042-1.099,1.831-2.614c0,0-0.09-1.161-0.017-1.762c0,0-0.666-1.261-0.275-2.822\n\tc0.39-1.561,2.506-2.11,2.506-2.11s-0.093,2.026-0.634,3.045c-0.541,1.018-1.169,2.258-1.072,3.251c0,0,1.175-0.823,1.65-0.983\n\tc0,0,2.695-7.075,8.387-9.278c0,0,1.211,3.219-1.702,5.99C22.416,26.618,18.633,26.66,14.656,31.131z\"\/>\n<path fill=\"#2C2D7F\" d=\"M14.394,29.694c0,0-0.509-2.524-0.617-4.175c-0.108-1.646-1.379-3.479-2.041-4.004\n\tc-0.663-0.525-5.964-2.904-7.54-4.815c-1.577-1.912-2.292-4.554-1.976-6.074c0,0,2.548-0.072,4.219,1.971\n\tc1.672,2.042,1.986,5.452,2.854,6.494c0,0,0.852,0.734,1.627,1.077c0,0-2.483-4.369-2.223-6.216c0,0,1.818,1.273,2.312,2.344\n\tc0.494,1.068,0.133,2.781,0.133,2.781s0.171,1.092,0.493,1.381c0.321,0.289,2.338,1.849,2.682,4.236\n\tC14.662,27.083,14.394,29.694,14.394,29.694z\"\/>\n<path fill=\"#2C2D7F\" d=\"M14.656,22.779c0,0-0.381-0.952,0.789-1.994c0,0-0.327-1.469-0.185-2.941c0,0-0.696-1.927-0.214-3.231\n\tc0.483-1.305,2.129-2.67,2.129-2.67s0.281,1.864-0.402,3.884c-0.684,2.021-1.08,3.098-0.834,4.419l1.822-1.362\n\tc0,0,0.086-3.626,1.62-6.196c1.535-2.569,4.022-4.34,4.022-4.34s1.097,2.748-0.516,6.505C21.274,18.612,16.655,19.299,14.656,22.779\n\tz\"\/>\n<path fill=\"#2C2D7F\" d=\"M13.643,20.956c0,0-0.875-1.195-1.367-3.11c-0.489-1.916-2.385-7.23-1.901-11.165\n\tC10.859,2.746,13.42,0,13.42,0s2.674,2.603,2.233,6.034c-0.442,3.431-3.567,8.563-3.567,8.563L13.643,20.956z\"\/>\n<\/svg>            <\/div>\n                \t\t\t\t\t<h1 class=\"eltdf-st-title\" >\n\t\t\t\tWir wachsen!\t\t\t<\/h1>\n\t\t                    <p class=\"eltdf-st-subtitle\" >\n                bald auch in deiner W\/Hood!            <\/p>\n        \t\t\t\t\t<p class=\"eltdf-st-text\" >\n\t\t\t\tEs geht heiter weiter. Nachdem unser Pop-Up Konzept bei 90% von unseren G\u00e4sten so super ankommt gehen wir jetzt den n\u00e4chsten Schritt. PhiliPop-Up entwickelt sich nun zu der Kette f\u00fcr guate und g\u00fcnstige Aufenthalte in Tirol!\t\t\t<\/p>\n\t\t\t\t\t<\/div>\n<\/div>\t\t<\/div>\n\t<\/div>\n<\/div>\n<\/div>[\/vc_column][\/vc_row][vc_row gap=&#8221;20&#8243; row_content_width=&#8221;grid&#8221; content_text_aligment=&#8221;center&#8221;][vc_column offset=&#8221;vc_col-lg-4 vc_col-md-4 vc_col-xs-12&#8243;]<div class=\"eltdf-single-image-holder    \">\n        <div class=\"eltdf-si-inner\" >\n                                                            <\/div>\n<\/div>[vc_empty_space height=&#8221;25px&#8221;]<div class=\"eltdf-section-title-holder  \" style=\"padding: 0 6%;text-align: center\">\n\t<div class=\"eltdf-st-inner\">\n                \t\t\t\t\t<h4 class=\"eltdf-st-title\" >\n\t\t\t\tPOP-UP \u00d6tztal\t\t\t<\/h4>\n\t\t        \t\t\t\t\t<p class=\"eltdf-st-text\" >\n\t\t\t\tCOMING SOON!\t\t\t<\/p>\n\t\t\t\t\t<\/div>\n<\/div>[vc_empty_space height=&#8221;20px&#8221;][\/vc_column][vc_column offset=&#8221;vc_col-lg-4 vc_col-md-4 vc_col-xs-12&#8243;]<div class=\"eltdf-single-image-holder    \">\n        <div class=\"eltdf-si-inner\" >\n                                                            <\/div>\n<\/div>[vc_empty_space height=&#8221;25px&#8221;]<div class=\"eltdf-section-title-holder  \" style=\"padding: 0 6%;text-align: center\">\n\t<div class=\"eltdf-st-inner\">\n                \t\t\t\t\t<h4 class=\"eltdf-st-title\" >\n\t\t\t\tPOP-UP Raum Inntal\t\t\t<\/h4>\n\t\t        \t\t\t\t\t<p class=\"eltdf-st-text\" style=\"margin-top: 5px\">\n\t\t\t\tCOMING SOON!\t\t\t<\/p>\n\t\t\t\t\t<\/div>\n<\/div>[vc_empty_space height=&#8221;20px&#8221;][\/vc_column][vc_column offset=&#8221;vc_col-lg-4 vc_col-md-4 vc_col-xs-12&#8243;]<div class=\"eltdf-single-image-holder    \">\n        <div class=\"eltdf-si-inner\" >\n                                                            <\/div>\n<\/div>[vc_empty_space height=&#8221;25px&#8221;]<div class=\"eltdf-section-title-holder  \" style=\"padding: 0 6%;text-align: center\">\n\t<div class=\"eltdf-st-inner\">\n                \t\t\t\t\t<h4 class=\"eltdf-st-title\" >\n\t\t\t\tPOP-UP Region Au\u00dferfern\t\t\t<\/h4>\n\t\t        \t\t\t\t\t<p class=\"eltdf-st-text\" >\n\t\t\t\tCOMING SOON!\t\t\t<\/p>\n\t\t\t\t\t<\/div>\n<\/div>[vc_empty_space height=&#8221;20px&#8221;][\/vc_column][\/vc_row][vc_row gap=&#8221;20&#8243; row_content_width=&#8221;grid&#8221; content_text_aligment=&#8221;center&#8221;][vc_column width=&#8221;1\/4&#8243; offset=&#8221;vc_col-lg-4 vc_col-md-4 vc_col-xs-12&#8243;][\/vc_column][vc_column width=&#8221;1\/2&#8243; offset=&#8221;vc_col-lg-4 vc_col-md-4 vc_col-xs-12&#8243;][vc_empty_space height=&#8221;7px&#8221;]<div class=\"eltdf-section-title-holder  \" >\n\t<div class=\"eltdf-st-inner\">\n                    <div class=\"eltdf-st-image\" style=\"margin-bottom: 1px\">\n                <svg xmlns=\"http:\/\/www.w3.org\/2000\/svg\" xmlns:xlink=\"http:\/\/www.w3.org\/1999\/xlink\" x=\"0px\" y=\"0px\"\n\t width=\"27.282px\" height=\"35.69px\" viewBox=\"0 0 27.282 35.69\" enable-background=\"new 0 0 27.282 35.69\" xml:space=\"preserve\">\n<path fill=\"#2C2D7F\" d=\"M12.044,35.496c0,0,1.088-3.244,1.398-3.977c0,0-0.146-1.5-1.872-2.6c-1.726-1.096-6.379-2.665-8.584-4.258\n\tC0.782,23.071,0,19.938,0,19.938s2.497-0.1,4.914,1.98c2.418,2.082,4.433,5.423,6.203,5.918c0,0,0.464-1.587,0.093-2.448\n\tc-0.371-0.861-2.445-1.808-2.549-3.448c0,0,1.669-0.14,2.452,0.844c0.782,0.981,1.054,3.163,0.601,5.443\n\tc0,0,2.379,1.437,2.252,3.313c0,0-1.129,3.252-1.452,4.15L12.044,35.496z\"\/>\n<path fill=\"#2C2D7F\" d=\"M14.656,31.131c0,0-0.042-1.099,1.831-2.614c0,0-0.09-1.161-0.017-1.762c0,0-0.666-1.261-0.275-2.822\n\tc0.39-1.561,2.506-2.11,2.506-2.11s-0.093,2.026-0.634,3.045c-0.541,1.018-1.169,2.258-1.072,3.251c0,0,1.175-0.823,1.65-0.983\n\tc0,0,2.695-7.075,8.387-9.278c0,0,1.211,3.219-1.702,5.99C22.416,26.618,18.633,26.66,14.656,31.131z\"\/>\n<path fill=\"#2C2D7F\" d=\"M14.394,29.694c0,0-0.509-2.524-0.617-4.175c-0.108-1.646-1.379-3.479-2.041-4.004\n\tc-0.663-0.525-5.964-2.904-7.54-4.815c-1.577-1.912-2.292-4.554-1.976-6.074c0,0,2.548-0.072,4.219,1.971\n\tc1.672,2.042,1.986,5.452,2.854,6.494c0,0,0.852,0.734,1.627,1.077c0,0-2.483-4.369-2.223-6.216c0,0,1.818,1.273,2.312,2.344\n\tc0.494,1.068,0.133,2.781,0.133,2.781s0.171,1.092,0.493,1.381c0.321,0.289,2.338,1.849,2.682,4.236\n\tC14.662,27.083,14.394,29.694,14.394,29.694z\"\/>\n<path fill=\"#2C2D7F\" d=\"M14.656,22.779c0,0-0.381-0.952,0.789-1.994c0,0-0.327-1.469-0.185-2.941c0,0-0.696-1.927-0.214-3.231\n\tc0.483-1.305,2.129-2.67,2.129-2.67s0.281,1.864-0.402,3.884c-0.684,2.021-1.08,3.098-0.834,4.419l1.822-1.362\n\tc0,0,0.086-3.626,1.62-6.196c1.535-2.569,4.022-4.34,4.022-4.34s1.097,2.748-0.516,6.505C21.274,18.612,16.655,19.299,14.656,22.779\n\tz\"\/>\n<path fill=\"#2C2D7F\" d=\"M13.643,20.956c0,0-0.875-1.195-1.367-3.11c-0.489-1.916-2.385-7.23-1.901-11.165\n\tC10.859,2.746,13.42,0,13.42,0s2.674,2.603,2.233,6.034c-0.442,3.431-3.567,8.563-3.567,8.563L13.643,20.956z\"\/>\n<\/svg>            <\/div>\n                \t\t\t\t\t<h1 class=\"eltdf-st-title\" >\n\t\t\t\tVermietungs-partner werden!\t\t\t<\/h1>\n\t\t                    <p class=\"eltdf-st-subtitle\" >\n                Lassen Sie uns was bewegen!            <\/p>\n        \t\t\t\t\t\t\t<div class=\"eltdf-st-button\"><a itemprop=\"url\" href=\"https:\/\/www.philipop-up.at\/index.php\/partner\/\" target=\"_self\"  class=\"eltdf-btn eltdf-btn-medium eltdf-btn-predefined\"  >    <div class=\"eltdf-predefined-button-background-holder\" ><\/div>    <span class=\"eltdf-btn-text\">Hier gehts zum Konzept!<\/span>    <\/a><\/div>\n\t\t\t<\/div>\n<\/div>[\/vc_column][vc_column width=&#8221;1\/4&#8243; offset=&#8221;vc_col-lg-4 vc_col-md-4 vc_col-xs-12&#8243;][\/vc_column][\/vc_row][vc_row disable_background_image=&#8221;&#8221; simple_background_image=&#8221;647&#8243;][vc_column][\/vc_column][\/vc_row]<\/p>\n<\/section>","protected":false},"excerpt":{"rendered":"<p>[vc_row row_content_width=&#8221;grid&#8221; css=&#8221;.vc_custom_1561637832958{padding-top: 71px !important;padding-bottom: 100px !important;}&#8221;][vc_column offset=&#8221;vc_col-lg-6 vc_col-md-12 vc_col-xs-12&#8243;][\/vc_column][\/vc_row][vc_row gap=&#8221;20&#8243; row_content_width=&#8221;grid&#8221; content_text_aligment=&#8221;center&#8221;][vc_column offset=&#8221;vc_col-lg-4 vc_col-md-4 vc_col-xs-12&#8243;][vc_empty_space height=&#8221;25px&#8221;][vc_empty_space height=&#8221;20px&#8221;][\/vc_column][vc_column offset=&#8221;vc_col-lg-4 vc_col-md-4 vc_col-xs-12&#8243;][vc_empty_space height=&#8221;25px&#8221;][vc_empty_space height=&#8221;20px&#8221;][\/vc_column][vc_column offset=&#8221;vc_col-lg-4 vc_col-md-4 vc_col-xs-12&#8243;][vc_empty_space height=&#8221;25px&#8221;][vc_empty_space height=&#8221;20px&#8221;][\/vc_column][\/vc_row][vc_row gap=&#8221;20&#8243; row_content_width=&#8221;grid&#8221; content_text_aligment=&#8221;center&#8221;][vc_column width=&#8221;1\/4&#8243; offset=&#8221;vc_col-lg-4 vc_col-md-4 vc_col-xs-12&#8243;][\/vc_column][vc_column width=&#8221;1\/2&#8243; offset=&#8221;vc_col-lg-4 vc_col-md-4 vc_col-xs-12&#8243;][vc_empty_space height=&#8221;7px&#8221;][\/vc_column][vc_column [&hellip;]<\/p>\n","protected":false},"author":1,"featured_media":0,"parent":0,"menu_order":0,"comment_status":"closed","ping_status":"closed","template":"full-width.php","meta":{"footnotes":""},"class_list":["post-1444","page","type-page","status-publish","hentry"],"_links":{"self":[{"href":"https:\/\/www.philipop-up.at\/index.php\/wp-json\/wp\/v2\/pages\/1444","targetHints":{"allow":["GET"]}}],"collection":[{"href":"https:\/\/www.philipop-up.at\/index.php\/wp-json\/wp\/v2\/pages"}],"about":[{"href":"https:\/\/www.philipop-up.at\/index.php\/wp-json\/wp\/v2\/types\/page"}],"author":[{"embeddable":true,"href":"https:\/\/www.philipop-up.at\/index.php\/wp-json\/wp\/v2\/users\/1"}],"replies":[{"embeddable":true,"href":"https:\/\/www.philipop-up.at\/index.php\/wp-json\/wp\/v2\/comments?post=1444"}],"version-history":[{"count":19,"href":"https:\/\/www.philipop-up.at\/index.php\/wp-json\/wp\/v2\/pages\/1444\/revisions"}],"predecessor-version":[{"id":3613,"href":"https:\/\/www.philipop-up.at\/index.php\/wp-json\/wp\/v2\/pages\/1444\/revisions\/3613"}],"wp:attachment":[{"href":"https:\/\/www.philipop-up.at\/index.php\/wp-json\/wp\/v2\/media?parent=1444"}],"curies":[{"name":"wp","href":"https:\/\/api.w.org\/{rel}","templated":true}]}}